{"id":61,"date":"2022-05-20T08:07:33","date_gmt":"2022-05-20T08:07:33","guid":{"rendered":"https:\/\/www.iris-gothe.de\/?page_id=61"},"modified":"2025-01-11T10:24:43","modified_gmt":"2025-01-11T10:24:43","slug":"lebenslauf","status":"publish","type":"page","link":"https:\/\/www.iris-gothe.de\/index.php\/lebenslauf\/","title":{"rendered":"Lebenslauf"},"content":{"rendered":"\n<h2 class=\"wp-block-heading\">Iris Gothe<\/h2>\n\n\n\n<h3 class=\"wp-block-heading\"><strong>Ausbildung und Studium<\/strong><\/h3>\n\n\n\n<p>2018 \u2013 2022<\/p>\n\n\n\n<p><strong>Ausbildung zur Kinder-und Jugendlichenpsychotherapeutin (VT)<\/strong> am Zentrum f\u00fcr Psychologische Psychotherapie Mannheim<\/p>\n\n\n\n<p>2004 \u2013 2008<\/p>\n\n\n\n<p><strong>Studium der Sozialen Arbeit an der Hochschule Mannheim<\/strong>, Fakult\u00e4t f\u00fcr Sozialwesen. Abschluss als <strong>Diplom Sozialarbeiterin\/ Sozialp\u00e4dagogin<\/strong><\/p>\n\n\n\n<h3 class=\"wp-block-heading\">Berufserfahrung<\/h3>\n\n\n\n<p>2023<\/p>\n\n\n\n<p>Gr\u00fcndung einer Privatpraxis f\u00fcr Kinder- und Jugendlichenpsychotherapie<\/p>\n\n\n\n<p>2023 &#8211; 2024<\/p>\n\n\n\n<p>Kinder -und Jugendlichenpsychotherapeutin und Jobsharing-Partnerin in der Praxis von Sandra Wittenberg<\/p>\n\n\n\n<p>2022 &#8211; 2023<\/p>\n\n\n\n<p>Anstellung als Kinder -und Jugendlichenpsychotherapeutin im Rahmen einer Sicherstellungsasistenz in der Praxis von Sandra Wittenberg<\/p>\n\n\n\n<p>2022 &#8211; 2023<\/p>\n\n\n\n<p>Anstellung als Kinder -und Jugendlichenpsychotherapeutin im Rahmen einer Sicherstellungsasistenz in der Praxis von Miriam Kachler<\/p>\n\n\n\n<p>2021 &#8211; 2022 <\/p>\n\n\n\n<p>Festanstellung bei der Fachstelle Fr\u00fche Hilfen und Familienbildung in Ludwigshafen<\/p>\n\n\n\n<p>2018 &#8211; 2019<\/p>\n\n\n\n<p>Praktische T\u00e4tigkeit im Rahmen der Ausbildung am Zentralinstitut f\u00fcr seelische Gesundheit Mannheim, KJP-Ambulanz<\/p>\n\n\n\n<p>2017 &#8211; 2020<\/p>\n\n\n\n<p>Festanstellung in der Kinder- und Jugendpsychiatrischen Praxis Birgit M\u00fcller in Mannheim<\/p>\n\n\n\n<p>2017<\/p>\n\n\n\n<p>Festanstellung als Schulsozialarbeiterin bei der Stadt Mannheim<\/p>\n\n\n\n<p>2013 &#8211; 2018<\/p>\n\n\n\n<p>Selbstst\u00e4ndigkeit als PEKiP Gruppenleiterin und Beraterin f\u00fcr Eltern mit Babys und Kleinkindern, Erarbeitung eines Konzeptes f\u00fcr <a rel=\"noreferrer noopener\" href=\"https:\/\/www.rund-um-familie.de\/\" data-type=\"URL\" data-id=\"https:\/\/www.rund-um-familie.de\/\" target=\"_blank\">rund-um-familie<\/a> gemeinsam mit Martina Jaser-Gross<\/p>\n\n\n\n<p>2012 &#8211; 2013<\/p>\n\n\n\n<p>Festanstellung als Mitarbeiterin im Verein Frauen Helfen Frauen e.V. Heidelberg<\/p>\n\n\n\n<p>2008 &#8211; 2012<\/p>\n\n\n\n<p>Festanstellung als Sozialp\u00e4dagogische Familienhelferin bei der AGFJ Mannheim<\/p>\n\n\n\n<h3 class=\"wp-block-heading\"><strong>Fort- und Weiterbildungen<\/strong><\/h3>\n\n\n\n<p>2025<\/p>\n\n\n\n<p>Fortbildung Schematherapie f\u00fcr Kinder und Jugendliche<\/p>\n\n\n\n<p>2024<\/p>\n\n\n\n<p>Seminar zur ADOS-2: Diagnostische Beobachtungsskala f\u00fcr Autistische St\u00f6rungen<\/p>\n\n\n\n<p>2023<\/p>\n\n\n\n<p><strong>EMDR<\/strong> Fortbildung Teil 1<\/p>\n\n\n\n<p>2022<\/p>\n\n\n\n<p>Erwerb der Zusatzqualifikation <strong>Psychotherapie in Gruppen<\/strong><\/p>\n\n\n\n<p>2022<\/p>\n\n\n\n<p>Erwerb der Zusatzqualifikation <strong>\u00fcbende und suggestive Verfahren<\/strong><\/p>\n\n\n\n<p>2013 \u2013 2015<\/p>\n\n\n\n<p>Weiterbildung und Aufbaukurs <strong>\u201ePsychodynamisch- interaktionelle Beratung und Psychotherapie f\u00fcr Familien mit S\u00e4uglingen und Kleinkindern\u201c <\/strong>am Heidelberger Seminar Fr\u00fche Kindheit und Familie<\/p>\n\n\n\n<p>2012 \u2013 2014<\/p>\n\n\n\n<p><strong>Weiterbildung zur PEKiP\u00ae<\/strong> \u2013 Gruppenleiterin<\/p>\n\n\n\n<p>2011<\/p>\n\n\n\n<p>Zertifizierung zur <strong>Kursleiterin \u201eDas Baby verstehen\u201c<\/strong><\/p>\n\n\n\n<p>2008 \u2013 2009<\/p>\n\n\n\n<p><strong>Fortbildung<\/strong> zur Sozialp\u00e4dagogischen Familien- und Erziehungshelferin nach dem <strong>Heidelberger Modell<\/strong><\/p>\n","protected":false},"excerpt":{"rendered":"<p>Iris Gothe Ausbildung und Studium 2018 \u2013 2022 Ausbildung zur Kinder-und Jugendlichenpsychotherapeutin (VT) am Zentrum f\u00fcr Psychologische Psychotherapie Mannheim 2004 \u2013 2008 Studium der Sozialen Arbeit an der Hochschule Mannheim, Fakult\u00e4t f\u00fcr Sozialwesen. Abschluss als Diplom Sozialarbeiterin\/ Sozialp\u00e4dagogin Berufserfahrung 2023 Gr\u00fcndung einer Privatpraxis f\u00fcr Kinder- und Jugendlichenpsychotherapie 2023 &#8211; 2024 Kinder -und Jugendlichenpsychotherapeutin und Jobsharing-Partnerin [&hellip;]<\/p>\n","protected":false},"author":1,"featured_media":0,"parent":0,"menu_order":0,"comment_status":"closed","ping_status":"closed","template":"","meta":{"footnotes":""},"class_list":["post-61","page","type-page","status-publish","hentry"],"_links":{"self":[{"href":"https:\/\/www.iris-gothe.de\/index.php\/wp-json\/wp\/v2\/pages\/61","targetHints":{"allow":["GET"]}}],"collection":[{"href":"https:\/\/www.iris-gothe.de\/index.php\/wp-json\/wp\/v2\/pages"}],"about":[{"href":"https:\/\/www.iris-gothe.de\/index.php\/wp-json\/wp\/v2\/types\/page"}],"author":[{"embeddable":true,"href":"https:\/\/www.iris-gothe.de\/index.php\/wp-json\/wp\/v2\/users\/1"}],"replies":[{"embeddable":true,"href":"https:\/\/www.iris-gothe.de\/index.php\/wp-json\/wp\/v2\/comments?post=61"}],"version-history":[{"count":9,"href":"https:\/\/www.iris-gothe.de\/index.php\/wp-json\/wp\/v2\/pages\/61\/revisions"}],"predecessor-version":[{"id":600,"href":"https:\/\/www.iris-gothe.de\/index.php\/wp-json\/wp\/v2\/pages\/61\/revisions\/600"}],"wp:attachment":[{"href":"https:\/\/www.iris-gothe.de\/index.php\/wp-json\/wp\/v2\/media?parent=61"}],"curies":[{"name":"wp","href":"https:\/\/api.w.org\/{rel}","templated":true}]}}